{"id":279,"date":"2025-09-17T22:51:24","date_gmt":"2025-09-17T20:51:24","guid":{"rendered":"https:\/\/altehafnerei.kirchmaier.org\/?page_id=279"},"modified":"2025-09-17T22:52:08","modified_gmt":"2025-09-17T20:52:08","slug":"hausordnung","status":"publish","type":"page","link":"https:\/\/altehafnerei.kirchmaier.org\/index.php\/hausordnung\/","title":{"rendered":"Hausordnung"},"content":{"rendered":"\t\t<div data-elementor-type=\"wp-page\" data-elementor-id=\"279\" class=\"elementor elementor-279\">\n\t\t\t\t<div class=\"elementor-element elementor-element-77c1d77a e-con-full e-flex e-con e-parent\" data-id=\"77c1d77a\" data-element_type=\"container\">\n\t\t\t\t<div class=\"elementor-element elementor-element-2ce639b0 elementor-widget elementor-widget-image\" data-id=\"2ce639b0\" data-element_type=\"widget\" data-settings=\"{&quot;_animation&quot;:&quot;none&quot;}\" data-widget_type=\"image.default\">\n\t\t\t\t\t\t\t\t\t\t\t\t\t\t\t<img fetchpriority=\"high\" decoding=\"async\" width=\"1759\" height=\"486\" src=\"https:\/\/altehafnerei.kirchmaier.org\/wp-content\/uploads\/2025\/09\/HhBP86dSbR.jpg\" class=\"attachment-full size-full wp-image-230\" alt=\"\" srcset=\"https:\/\/altehafnerei.kirchmaier.org\/wp-content\/uploads\/2025\/09\/HhBP86dSbR.jpg 1759w, https:\/\/altehafnerei.kirchmaier.org\/wp-content\/uploads\/2025\/09\/HhBP86dSbR-300x83.jpg 300w, https:\/\/altehafnerei.kirchmaier.org\/wp-content\/uploads\/2025\/09\/HhBP86dSbR-1024x283.jpg 1024w, https:\/\/altehafnerei.kirchmaier.org\/wp-content\/uploads\/2025\/09\/HhBP86dSbR-768x212.jpg 768w, https:\/\/altehafnerei.kirchmaier.org\/wp-content\/uploads\/2025\/09\/HhBP86dSbR-1536x424.jpg 1536w\" sizes=\"(max-width: 1759px) 100vw, 1759px\" \/>\t\t\t\t\t\t\t\t\t\t\t\t\t\t\t<\/div>\n\t\t\t\t<div class=\"elementor-element elementor-element-24c4d5e6 elementor-invisible elementor-widget elementor-widget-heading\" data-id=\"24c4d5e6\" data-element_type=\"widget\" data-settings=\"{&quot;_animation&quot;:&quot;zoomIn&quot;}\" data-widget_type=\"heading.default\">\n\t\t\t\t\t<h2 class=\"elementor-heading-title elementor-size-default\">Hausordnung<\/h2>\t\t\t\t<\/div>\n\t\t\t\t<div class=\"elementor-element elementor-element-39742007 elementor-widget elementor-widget-text-editor\" data-id=\"39742007\" data-element_type=\"widget\" data-widget_type=\"text-editor.default\">\n\t\t\t\t\t\t\t\t\t<p>Unser Apartment soll dir ein zweites zu Hause sein. Du sollst dich wohlf\u00fchlen und Ruhe finden. Die nachstehende Hausordnung ist eine Hilfestellung f\u00fcr einen sch\u00f6nen Aufenthalt. Durch eine gewissenhafte Behandlung des Apartments hilfst du uns auch in Zukunft, dir und anderen G\u00e4sten sch\u00f6ne R\u00e4umlichkeiten anzubieten.<\/p><p>ALLGEMEIN<\/p><p>Solltest du irgendetwas in der Einrichtung vermissen oder wenn du Hilfe brauchst, wende dich gerne an uns. S\u00e4mtliche Dinge, die sich in der Ferienwohnung befinden, d\u00fcrfen und sollen von den G\u00e4sten benutzt werden. Bitte gehe mit der gesamten Einrichtung und dem Inventar sorgsam um und behandele das Mietobjekt pfleglich. Trage bitte Sorge daf\u00fcr, dass auch deine Mitreisenden die Mietbedingungen einhalten.<\/p><p>K\u00dcCHE<\/p><p>Bitte gehe pfleglich mit der Ku\u0308cheneinrichtung und den technischen Gera\u0308ten um. Da eine verschmutzte Ku\u0308che niemanden erfreut, stelle bitte Geschirr, To\u0308pfe und Besteck nur in sauberem und trockenem Zustand in die Schra\u0308nke. Stelle hei\u00dfe To\u0308pfe und andere hei\u00dfe Gegensta\u0308nde bitte nicht ohne Untersetzer auf die Tische oder die Arbeitsplatte. Benutze zum Schneiden immer ein Schneidebrett als Unterlage. Hinterlasse den Innenraum von Backofen und Mikrowelle bitte im sauberen Zustand.<\/p><p>BESCH\u00c4DIGUNGEN<\/p><p>Niemand besch\u00e4digt absichtlich Sachen, es kann jedoch jedem passieren, dass einmal etwas kaputt geht. Bitte teile uns den Schaden umgehend mit, um einen reibungslosen Ablauf mit der Versicherung zu gew\u00e4hrleisten.<\/p><p>L\u00dcFTEN<\/p><p>Zur Vermeidung von Schimmelbildung bitten wir dich, die Ra\u0308ume ausreichend zu lu\u0308ften, mindestens 1x Sto\u00dflu\u0308ftung am Tag fu\u0308r 5-10 min und insbesondere nach dem Duschen. Falls Regen oder starker Wind aufkommt, verschlie\u00dfe bitte alle Fenster und Tu\u0308ren.<\/p><p>SORGFALTSPFLICHT<\/p><p>Wir bitten unsere Ga\u0308ste, das Mietobjekt pfleglich zu behandeln und dafu\u0308r Sorge zu tragen, dass auch Mitreisende und Angeho\u0308rige die Mietbedingungen einhalten. Die Eingangstu\u0308r soll grundsa\u0308tzlich geschlossen sein und beim Verlassen des Hauses per Schlu\u0308ssel verschlossen werden. Ebenso sind auch alle Fenster bei Verlassen der Wohnung zu schlie\u00dfen, um mo\u0308gliche Scha\u0308den durch Unwetter oder Einbruch zu vermeiden. Gehe schonend mit den Ressourcen Wasser und Strom um.<\/p><p>ENTSORGUNG<\/p><p>Der Abfall wird nach Restmu\u0308ll, Papier, Plastik, Biom\u00fcll und Glas getrennt. Entsprechende Beha\u0308ltnisse stehen in der Ferienwohnung zur Verfu\u0308gung. In die Ku\u0308chenspu\u0308le, die Toiletten, die Waschbecken und Dusche du\u0308rfen keine Abfa\u0308lle, Essensreste, scha\u0308dliche Flu\u0308ssigkeiten oder A\u0308hnliches geworfen bzw. geschu\u0308ttet werden! Vermeide alles, was zu Verstopfungen der Leitungen fu\u0308hren kann (keine Hygieneartikel in die Toilette).<\/p><p>REINIGUNG<\/p><p>Sollte dir mal ein Missgeschick (extremer Schmutz, Flu\u0308ssigkeiten auf Boden oder Arbeitsfla\u0308chen usw.) passieren, bitten wir dich, dies sofort zu beseitigen. Bitte hinterlasse die Ferienwohnung bei Abreise besenrein und ra\u0308ume alles benutzte Geschirr wieder sauber in die Schra\u0308nke ein. Bitte leg die benutzten Handtu\u0308cher auf den Boden.<\/p><p>RUHEZEITEN<\/p><p>Im Sinne einer guten Nachbarschaft bitten wir dich, die o\u0308ffentlichen Ruhezeiten wie Mittag-, Nacht- und Sonntagsruhe einzuhalten. Auch in der Ferienwohnung selbst gilt die Ruhezeit zwischen 20:00 und 7:00 Uhr.<\/p><p>Junggesellenabschiede und Parties sind nicht gestattet.<\/p><p>WLAN<\/p><p>In der Ferienwohnung steht ein kabelloser Internetanschluss (WLAN) kostenlos zur Verfu\u0308gung. Du nutzt das Internet auf eigene Gefahr, wir schlie\u00dfen jede Haftung im Zusammenhang mit deiner Internetnutzung aus.<\/p><p>RAUCHEN<\/p><p>Rauchen ist in der Ferienwohnung nicht erlaubt. Bitte verlasse die Ferienwohnung zum Rauchen. Entsorge bitte die vollsta\u0308ndig erkalteten Zigarettenreste in die Mu\u0308lltonne.<\/p><p>HAUSTIERE<\/p><p>Das Mitbringen von Haustieren ist nicht gestattet.<\/p><p>PARKEN<\/p><p>Du kannst auf dem Grundst\u00fcck der Ferienwohnung parken, die dafu\u0308r vorgesehenen Parkpla\u0308tze sind dementsprechend markiert Soweit dir ein Stellplatz zur Verfu\u0308gung gestellt wird, kommt dadurch kein Verwahrungsvertrag zustande. Bei Abhandenkommen oder Bescha\u0308digung auf dem Grundstu\u0308ck abgestellter oder rangierter Kraftfahrzeuge und deren Inhalte haftet der Vermieter nicht, au\u00dfer bei Vorsatz oder grober Fahrla\u0308ssigkeit.<\/p><p>HAUSRECHT<\/p><p>Bei sofort notwendigen Reparaturen kann es unerla\u0308sslich sein, dass der Vermieter die Ferienwohnung ohne dein Wissen betreten muss.<\/p><p>SCHL\u00dcSSEL | CODE<\/p><p>Bitte gib die Schlu\u0308ssel \/ den Code nie an Dritte weiter. Ein Verlust der Schlu\u0308ssel ist umgehend zu melden, und du haftest bis zur Ho\u0308he der Wiederbeschaffungskosten.<\/p><p>HAFTUNG<\/p><p>Der Vermieter haftet nicht fu\u0308r deine Wertgegensta\u0308nde. Eltern haften fu\u0308r Ihre Kinder.<\/p><p>AN- &amp; ABREISE<\/p><p>Am Abreisetag bitten wir dich, die Ferienwohnung bis spa\u0308testens 10.00 Uhr freizugeben.<br \/>Bei deiner Abreise sollte die Ferienwohnung wieder so aussehen, wie du sie vorgefunden hast. Die Anreise ist ab 15.00 Uhr m\u00f6glich.<\/p><p>Mit der Buchung der Ferienwohnung erkennst du diese Hausordnung an. Vielen Dank fu\u0308r deine Aufmerksamkeit. Wir wu\u0308nschen dir einen angenehmen Aufenthalt. Bei Fragen stehen wir dir gern zur Verfu\u0308gung.<\/p>\t\t\t\t\t\t\t\t<\/div>\n\t\t\t\t<\/div>\n\t\t\t\t<\/div>\n\t\t","protected":false},"excerpt":{"rendered":"<p>Hausordnung Unser Apartment soll dir ein zweites zu Hause sein. Du sollst dich wohlf\u00fchlen und Ruhe finden. Die nachstehende Hausordnung ist eine Hilfestellung f\u00fcr einen sch\u00f6nen Aufenthalt. Durch eine gewissenhafte Behandlung des Apartments hilfst du uns auch in Zukunft, dir und anderen G\u00e4sten sch\u00f6ne R\u00e4umlichkeiten anzubieten. ALLGEMEIN Solltest du irgendetwas in der Einrichtung vermissen oder [&hellip;]<\/p>\n","protected":false},"author":1,"featured_media":0,"parent":0,"menu_order":0,"comment_status":"closed","ping_status":"closed","template":"","meta":{"footnotes":""},"class_list":["post-279","page","type-page","status-publish","hentry"],"_links":{"self":[{"href":"https:\/\/altehafnerei.kirchmaier.org\/index.php\/wp-json\/wp\/v2\/pages\/279","targetHints":{"allow":["GET"]}}],"collection":[{"href":"https:\/\/altehafnerei.kirchmaier.org\/index.php\/wp-json\/wp\/v2\/pages"}],"about":[{"href":"https:\/\/altehafnerei.kirchmaier.org\/index.php\/wp-json\/wp\/v2\/types\/page"}],"author":[{"embeddable":true,"href":"https:\/\/altehafnerei.kirchmaier.org\/index.php\/wp-json\/wp\/v2\/users\/1"}],"replies":[{"embeddable":true,"href":"https:\/\/altehafnerei.kirchmaier.org\/index.php\/wp-json\/wp\/v2\/comments?post=279"}],"version-history":[{"count":4,"href":"https:\/\/altehafnerei.kirchmaier.org\/index.php\/wp-json\/wp\/v2\/pages\/279\/revisions"}],"predecessor-version":[{"id":283,"href":"https:\/\/altehafnerei.kirchmaier.org\/index.php\/wp-json\/wp\/v2\/pages\/279\/revisions\/283"}],"wp:attachment":[{"href":"https:\/\/altehafnerei.kirchmaier.org\/index.php\/wp-json\/wp\/v2\/media?parent=279"}],"curies":[{"name":"wp","href":"https:\/\/api.w.org\/{rel}","templated":true}]}}